3.
3, 53, 12809
List the prime factors of 5018089.
883, 5683
List the prime factors of 1739409.
3, 7, 113, 733
What are the prime factors of 574668?
2, 3, 17, 313
What are the prime factors of 1035152?
2, 31, 2087
List the prime factors of 1702834.
2, 7, 121631
List the prime factors of 20881.
7, 19, 157
List the prime factors of 2827854.
2, 3, 157103
What are the prime factors of 8912715?
3, 5, 7, 29, 2927
What are the prime factors of 56157?
3, 18719
What are the prime factors of 1760341?
11, 160031
List the prime factors of 32165298.
2, 3, 11, 162451
What are the prime factors of 7712662?
2, 17, 226843
List the prime factors of 5221255.
5, 13, 37, 167
List the prime factors of 1579036.
2, 394759
What are the prime factors of 25406212?
2, 13, 311, 1571
What are the prime factors of 2421718?
2, 13, 17, 5479
List the prime factors of 1097591.
11, 47, 193
What are the prime factors of 256048?
2, 13, 1231
List the prime factors of 2036028.
2, 3, 383, 443
List the prime factors of 704115.
3, 5, 15647
What are the prime factors of 16941554?
2, 7, 17, 10169
List the prime factors of 3869.
53, 73
What are the prime factors of 601729?
89, 6761
List the prime factors of 117261.
3, 43, 101
What are the prime factors of 4220886?
2, 3, 37, 19013
List the prime factors of 155222.
2, 77611
What are the prime factors of 5206543?
31, 167953
What are the prime factors of 379059?
3, 29, 4357
What are the prime factors of 4042771?
193, 20947
List the prime factors of 7642163.
17, 89, 5051
List the prime factors of 863355.
3, 5, 57557
List the prime factors of 74555.
5, 13, 31, 37
List the prime factors of 24123179.
19, 1269641
What are the prime factors of 136694?
2, 41, 1667
What are the prime factors of 7798337?
7798337
What are the prime factors of 467010?
2, 3, 5, 5189
List the prime factors of 4818834.
2, 3, 267713
What are the prime factors of 6047771?
6047771
List the prime factors of 815746.
2, 19, 21467
List the prime factors of 10541432.
2, 11, 103, 1163
What are the prime factors of 181418?
2, 90709
What are the prime factors of 5923375?
5, 47387
List the prime factors of 16273808.
2, 113, 9001
What are the prime factors of 97934?
2, 23, 2129
What are the prime factors of 508166?
2, 254083
List the prime factors of 29756009.
29756009
List the prime factors of 144740.
2, 5, 7237
List the prime factors of 301149.
3, 33461
List the prime factors of 5036833.
383, 13151
What are the prime factors of 20591074?
2, 7, 210113
List the prime factors of 308779.
71, 4349
List the prime factors of 6522053.
6522053
What are the prime factors of 22559328?
2, 3, 11, 7121
List the prime factors of 38141524.
2, 37, 257713
What are the prime factors of 54453?
3, 7, 2593
List the prime factors of 12824582.
2, 19, 337489
List the prime factors of 583620.
2, 3, 5, 71, 137
List the prime factors of 17965.
5, 3593
List the prime factors of 1451301.
3, 483767
List the prime factors of 954146.
2, 477073
List the prime factors of 91103.
17, 23, 233
List the prime factors of 1197107.
1197107
List the prime factors of 6333911.
17, 229, 1627
List the prime factors of 57504.
2, 3, 599
List the prime factors of 4283662.
2, 521, 4111
What are the prime factors of 387578?
2, 193789
What are the prime factors of 4583219?
4583219
What are the prime factors of 23233753?
23233753
List the prime factors of 140964.
2, 3, 17, 691
List the prime factors of 89707.
109, 823
List the prime factors of 2385858.
2, 3, 397643
What are the prime factors of 1168838?
2, 11, 53129
What are the prime factors of 2582433?
3, 7, 179, 229
List the prime factors of 16416533.
7, 2345219
What are the prime factors of 435034?
2, 217517
What are the prime factors of 80828?
2, 11, 167
What are the prime factors of 100211?
23, 4357
What are the prime factors of 601930?
2, 5, 7, 8599
What are the prime factors of 21512202?
2, 3, 31, 115657
List the prime factors of 13744913.
7, 13, 131, 1153
List the prime factors of 71417.
17, 4201
What are the prime factors of 1334695?
5, 173, 1543
What are the prime factors of 243062?
2, 121531
List the prime factors of 510753.
3, 61, 2791
List the prime factors of 1669659.
3, 53, 10501
List the prime factors of 2437336.
2, 11, 27697
What are the prime factors of 3319437?
3, 11, 17, 61, 97
What are the prime factors of 38268?
2, 3, 1063
List the prime factors of 4985.
5, 997
List the prime factors of 432258.
2, 3, 72043
List the prime factors of 489397.
31, 15787
What are the prime factors of 1110824?
2, 11, 13, 971
List the prime factors of 351223.
351223
List the prime factors of 8338438.
2, 509, 8191
List the prime factors of 293752.
2, 73, 503
What are the prime factors of 1240840?
2, 5, 67, 463
What are the prime factors of 3132355?
5, 89, 7039
List the prime factors of 83431.
83431
What are the prime factors of 7052760?
2, 3, 5, 11, 13, 137
List the prime factors of 4216901.
13, 17, 19081
What are the prime factors of 1733684?
2, 433421
List the prime factors of 2134620.
2, 3, 5, 59, 67
What are the prime factors of 1048527?
3, 113, 1031
List the prime factors of 1463977.
911, 1607
What are the prime factors of 4552716?
2, 3, 7, 83, 653
List the prime factors of 98094.
2, 3, 16349
What are the prime factors of 13389709?
113, 118493
What are the prime factors of 400528?
2, 25033
List the prime factors of 197654.
2, 37, 2671
What are the prime factors of 3231864?
2, 3, 44887
What are the prime factors of 965160?
2, 3, 5, 7, 383
What are the prime factors of 1243213?
421, 2953
List the prime factors of 475663.
23, 20681
List the prime factors of 14940043.
1097, 13619
What are the prime factors of 3866957?
3866957
What are the prime factors of 248223?
3, 97, 853
List the prime factors of 132208.
2, 8263
List the prime factors of 9816.
2, 3, 409
What are the prime factors of 2568109?
911, 2819
What are the prime factors of 1259544?
2, 3, 11, 13, 367
List the prime factors of 720542.
2, 360271
What are the prime factors of 523474?
2, 7, 139, 269
What are the prime factors of 198923?
67, 2969
List the prime factors of 361815.
3, 5, 24121
List the prime factors of 195273.
3, 13, 1669
List the prime factors of 95747.
95747
List the prime factors of 6544401.
3, 29, 75223
List the prime factors of 349014.
2, 3, 58169
List the prime factors of 1063878.
2, 3, 233, 761
List the prime factors of 16105306.
2, 7, 31, 43, 863
List the prime factors of 1204453.
1204453
List the prime factors of 2546649.
3, 7, 40423
List the prime factors of 808685.
5, 197, 821
What are the prime factors of 1944238?
2, 972119
What are the prime factors of 8217927?
3, 913103
What are the prime factors of 60855?
3, 5, 4057
What are the prime factors of 2332244?
2, 41, 14221
What are the prime factors of 24931668?
2, 3, 2077639
List the prime factors of 9858936.
2, 3, 410789
List the prime factors of 293702.
2, 19, 59, 131
List the prime factors of 692284.
2, 19, 9109
What are the prime factors of 4498125?
3, 5, 2399
What are the prime factors of 10663748?
2, 613, 4349
What are the prime factors of 188243?
11, 109, 157
List the prime factors of 597997.
597997
What are the prime factors of 131497?
131497
What are the prime factors of 1009056?
2, 3, 23, 457
List the prime factors of 389997.
3, 17, 2549
What are the prime factors of 194353?
194353
What are the prime factors of 4913013?
3, 7, 179, 1307
List the prime factors of 695056.
2, 43441
List the prime factors of 757595.
5, 277, 547
What are the prime factors of 5909819?
5909819
What are the prime factors of 4801345?
5, 103, 9323
List the prime factors of 3894911.
61, 67, 953
What are the prime factors of 148500?
2, 3, 5, 11
List the prime factors of 1548816.
2, 3, 41, 787
What are the prime factors of 1029628?
2, 257407
What are the prime factors of 708216?
2, 3, 23, 1283
List the prime factors of 1150727.
149, 7723
What are the prime factors of 2379610?
2, 5, 47, 61, 83
List the prime factors of 147416.
2, 18427
List the prime factors of 209219.
17, 31, 397
List the prime factors of 43302.
2, 3, 7, 1031
What are the prime factors of 539394?
2, 3, 89899
What are the prime factors of 19427?
19427
What are the prime factors of 6555283?
7, 936469
List the prime factors of 1447078.
2, 19, 113, 337
What are the prime factors of 20579945?
5, 17, 19, 12743
Wha